 + -143. Let k = -18 + j. Calculate the greatest common factor of 63 and k.
9
Let d(x) = 28*x - 716. Let w be d(26). Calculate the highest common factor of 10884 and w.
12
Suppose -49 = -3*j - 224*k + 225*k, j - 2*k - 18 = 0. Suppose -10 = -3*s + 86. What is the highest common factor of j and s?
16
Suppose 22*k = 34998 + 6538. Calculate the greatest common divisor of k and 59.
59
Let u be -8 + (8096/320 - 21/70). Suppose 4*y - 4 = 4. Let n be (-1)/y*0 + 136. What is the greatest common factor of n and u?
17
Let f be 4 + 9/(9/(-299)). Let r = -279 - f. What is the greatest common factor of r and 4?
4
Suppose -a - 407 = -q, 5*q + 274*a - 2045 = 269*a. What is the greatest common divisor of 60 and q?
12
Suppose -1062 = -1182*f + 1173*f. What is the highest common factor of 649 and f?
59
Suppose 15*a = 3816 - 396. Let b(z) = -7*z + 115. Let i be b(13). What is the highest common factor of i and a?
12
Let z = 295 - 163. Let y = -8267 - -8289. Calculate the highest common divisor of z and y.
22
Let d = -203 + 199. Let c be 6 + d + (21 - 0). What is the greatest common factor of c and 368?
23
Suppose 106*c + 480 = 67*c + 55*c. What is the highest common factor of 10260 and c?
30
Let g(a) = a**2 - 3*a + 3 + 9*a**2 + 88*a**2. Let x be g(1). Let p(d) = -d**3 - 7*d**2 - d + 7. Let z be p(-7). What is the highest common factor of z and x?
14
Let s be (-297)/((-63)/54*9)*(-21)/(-3). Let m(d) = -d**2 + 10*d - 3. Let i be m(7). What is the greatest common divisor of i and s?
18
Suppose 962*t + 1836 = 996*t. Let r = -1 + 7. What is the greatest common factor of r and t?
6
Suppose -528 + 273 = -15*s + 795. What is the greatest common factor of s and 17010?
70
Let x(s) = 2*s**2 - 10. Let w be x(-7). Let n(f) = -f**3 + 25*f**2 + 196*f - 4387. Let p be n(26). What is the highest common divisor of w and p?
11
Suppose 0 = 7*a + 29*a - 12384. Let m = a + -280. Calculate the greatest common divisor of m and 144.
16
Let o = 2 + 11. Let r be 18/12 + -1 - (-166)/4. Let a = -29 + r. What is the greatest common factor of a and o?
13
Let f = -5311 + 5315. What is the greatest common divisor of 388 and f?
4
Suppose 316 - 56 = 2*w. Suppose -30 = 4*x + i, 2*x = -2*i - 21 + 9. Let m be 55 - (x - -20)/4. What is the highest common divisor of w and m?
26
Suppose 61*d = 63*d + 8*q, -5*d + q + 126 = 0. What is the highest common divisor of d and 536?
8
Suppose 0 = 5*y - 16*t + 19*t - 3018, -5*y + 4*t = -2976. What is the highest common factor of 180 and y?
60
Let r = 24 + -30. Let v(k) = k**3 + 9*k**2 + 3*k + 8. Let h be v(r). Calculate the highest common factor of 28 and h.
14
Suppose 267*k - 134*k - 106*k = 675. Let d be (-3 - -4)/((-3)/(-30)). Calculate the highest common factor of k and d.
5
Suppose 2*l - 8 = -2*s, -4*s - 17 = -5*l + 21. Let z(r) = 3*r**3 - 18*r**2 + 7*r - 15. Let h be z(l). Calculate the highest common factor of h and 6.
3
Let r = -50 + 1. Let u = r + 43. Let q be ((-3)/4)/(u + 23/4). What is the highest common divisor of q and 4?
1
Let z(t) = -2*t**2 + 38*t + 48. Let m be z(20). Calculate the greatest common factor of m and 1236.
4
Let y be -3*3/(-27)*-270*(-12)/24. What is the greatest common factor of 1770 and y?
15
Let g be -3 - -2 - (-100)/25. Suppose 5*d - d + 1064 = 3*k, g*k = -2*d + 1088. Calculate the highest common divisor of 9 and k.
9
Let x(j) = 5*j**2 - 64*j + 14. Let v(w) = -6*w**2 + 63*w - 14. Let l(c) = 2*v(c) + 3*x(c). Let g be l(22). What is the greatest common factor of 35 and g?
7
Let o be -11 - 11558/(-6)*3. Calculate the highest common divisor of 28 and o.
28
Suppose 15*i - 658 = -46*i + 2026. What is the greatest common factor of 4862 and i?
22
Suppose 5893 + 3259 = 26*r. Let i be r/(-66)*(1 + -10). Calculate the greatest common divisor of 48 and i.
48
Let y be 3 + (8 - 1)*1. Let q(g) = -25*g - 249. Let c be q(-23). Let u = c + -301. What is the highest common divisor of u and y?
5
Suppose 53249 = -664*n + 66355 + 83174. Suppose 0*f + 2*f - 116 = 0. What is the greatest common factor of f and n?
29
Suppose 5*z = 3*d - 1023, -3*z = -2*d + 3*d - 327. Let y = -314 + d. What is the highest common divisor of y and 22?
22
Let o = -1122 - -1269. Suppose 4 = -3*h + 130. Calculate the greatest common factor of o and h.
21
Let g be (-1)/5 - (-243)/15. Let n(k) be the first derivative of -11*k**2/2 + 41*k - 33. Let v be n(3). What is the greatest common factor of v and g?
8
Let l be 42/6 - 4 - 1/(-5)*-5. What is the highest common divisor of 3156 and l?
2
Let k(m) = 2*m - 9. Let b be k(7). Let h be ((-18)/72)/(4/(-16)). Suppose b*w = -5*y + 40, -3*y - h = -w + 23. Calculate the greatest common factor of 9 and w.
3
Let w(l) = 5*l**3 + l**2 + 5*l - 8. Let x be w(4). Let i = x + -337. Calculate the highest common factor of 451 and i.
11
Let l(h) = -h**3 - 3*h**2 + 39*h - 8. Let y be l(-8). Let u be (7/(1 + 0))/1. Suppose y = 3*j - u*j + 24. Calculate the greatest common factor of 66 and j.
6
Suppose -54 = 18*z - 21*z. Let c(f) = 5*f - 30. Let q be c(z). Suppose 24*l = 20*l + 96. What is the highest common divisor of q and l?
12
Suppose 0 = -5*r, 5*h - 80 = 4*r + r. Suppose -3*t - 3*w = -39, 12*w = 11*w + 4. Suppose t*v - 38 = -29*v. Calculate the greatest common divisor of v and h.
1
Let o be ((-1444800)/1960)/(6/(-28)). What is the greatest common divisor of o and 240?
80
Suppose 351 = 3*i + 96. Let x be 9/15*250/30. Calculate the greatest common divisor of i and x.
5
Suppose -921*l = -894*l - 161784. Calculate the highest common divisor of 56 and l.
56
Let b = 32212 + -27622. What is the highest common divisor of 238 and b?
34
Suppose j - 12 - 15 = -u, -5*u + 167 = j. Calculate the highest common divisor of 154 and u.
7
Let d = -8334 - -14809. What is the greatest common factor of d and 140?
35
Let j = 385 - 277. Let f = -31 + j. What is the greatest common divisor of 11 and f?
11
Let v = 32151 - 31691. Calculate the highest common divisor of v and 207.
23
Suppose -2*y - 3 = -5. Let j be (1128 + 2)/5 - y. What is the greatest common divisor of 15 and j?
15
Let t(y) = -9*y - 17. Let z = -492 - -484. Let m be t(z). Let k be 0 + (-1 - 12/(-1)). Calculate the greatest common divisor of k and m.
11
Let s be 8/192 - 2582727/(-1368). What is the greatest common factor of 1239 and s?
59
Let f(a) = -1622*a + 6499. Let y be f(4). Suppose -2*k - k = -627. Calculate the greatest common factor of y and k.
11
Let o = -24334 - -37851. What is the greatest common factor of 7 and o?
7
Suppose b - 48 = 4*u, 13*b - 5*b + 2*u = 112. Let n = -3 + 6. Suppose n*r = 203 + 133. Calculate the highest common factor of r and b.
16
Let r(u) = 1134*u**3 - 2*u**2 - 4*u + 6. Let h be r(1). Suppose -13*p + h = -4*p. What is the greatest common factor of 36 and p?
18
Suppose -9*p - 145 - 413 = -40*p. What is the greatest common factor of 2547 and p?
9
Let k be (-342)/(-95) - ((-4)/(-5))/(-2). Suppose -k*l - 5*v = -2073, -13*l + 18*l = 5*v + 2535. What is the highest common factor of l and 32?
32
Suppose 231 = a - o, -2*a + o = -7*a + 1113. What is the greatest common divisor of 11872 and a?
224
Let w(a) = -a**2 - a. Let r be w(-1). Let t(z) = -2*z. Let g be t(r). Suppose g = 4*f - 23 - 37. What is the highest common factor of f and 15?
15
Let l be (1/6 + 0)/1 + 190840/624. Calculate the greatest common divisor of 68 and l.
34
Suppose -5*d = -6*d + 49. Let m = d + 71. Suppose 4*r - 5*u = m, 2*u = -r + 3*u + 30. What is the highest common divisor of 12 and r?
6
Suppose 4*x - 1492 = -5*z, 18*x - 3*z - 1902 = 13*x. Calculate the greatest common divisor of x and 1350.
54
Suppose -5*r + 770 = -100*x + 102*x, 4*x = 5*r - 800. Let y = 15 - 3. Calculate the greatest common factor of y and r.
12
Let p be ((-150)/(-20))/((-2)/(-2280)). Suppose -20*o + p = 30*o. Calculate the greatest common factor of 45 and o.
9
Suppose 20 = -110*v + 115*v. Suppose 3*i - v*j = -0*i + 1908, 0 = -3*i + 3*j + 1911. Calculate the highest common divisor of 10 and i.
10
Let b = 808775 + -808745. Let j = -407 + 782. What is the highest common divisor of j and b?
15
Suppose 30*v = -4*d + 39*v + 9401, 3*d = -v + 7105. Calculate the highest common divisor of d and 208.
26
Let j = -8 + 11. Suppose 2*b - 32 = -5*o, 2*b + 7 = o + j*b. Let d be -1 - (-91)/((-3)/o*-2). What is the greatest common divisor of d and 36?
1